nds digit of 19361544?
3
What is the ten thousands digit of 1345851?
4
What is the units digit of 16373340?
0
What is the thousands digit of 136087?
6
What is the thousands digit of 2487698?
7
What is the hundreds digit of 39571?
5
What is the thousands digit of 9484005?
4
What is the hundreds digit of 2548778?
7
What is the hundred thousands digit of 7843034?
8
What is the ten thousands digit of 560059?
6
What is the tens digit of 1723100?
0
What is the units digit of 4188176?
6
What is the ten thousands digit of 5597141?
9
What is the units digit of 70400?
0
What is the millions digit of 4188233?
4
What is the ten thousands digit of 40710?
4
What is the thousands digit of 46565?
6
What is the units digit of 302087?
7
What is the tens digit of 63006?
0
What is the tens digit of 9220849?
4
What is the units digit of 1564313?
3
What is the thousands digit of 28983168?
3
What is the units digit of 197894?
4
What is the tens digit of 437066?
6
What is the ten thousands digit of 5149787?
4
What is the units digit of 372844?
4
What is the millions digit of 2477930?
2
What is the tens digit of 21793184?
8
What is the ten thousands digit of 424732?
2
What is the thousands digit of 13682517?
2
What is the ten thousands digit of 25945994?
4
What is the hundred thousands digit of 17561839?
5
What is the thousands digit of 11045360?
5
What is the hundred thousands digit of 674326?
6
What is the millions digit of 1953011?
1
What is the ten thousands digit of 2382520?
8
What is the hundred thousands digit of 2811133?
8
What is the hundreds digit of 1750145?
1
What is the hundred thousands digit of 536330?
5
What is the ten thousands digit of 7294104?
9
What is the tens digit of 756573?
7
What is the tens digit of 590170?
7
What is the units digit of 18889091?
1
What is the hundreds digit of 5616951?
9
What is the ten thousands digit of 4982577?
8
What is the hundred thousands digit of 440805?
4
What is the ten thousands digit of 237583?
3
What is the ten thousands digit of 386424?
8
What is the thousands digit of 447277?
7
What is the ten thousands digit of 119900?
1
What is the units digit of 7886052?
2
What is the thousands digit of 759735?
9
What is the units digit of 184143?
3
What is the thousands digit of 13553028?
3
What is the tens digit of 648544?
4
What is the hundred thousands digit of 100037?
1
What is the units digit of 2662675?
5
What is the tens digit of 218641?
4
What is the tens digit of 9874045?
4
What is the tens digit of 5511655?
5
What is the hundred thousands digit of 20148383?
1
What is the thousands digit of 1395180?
5
What is the units digit of 461917?
7
What is the thousands digit of 5064789?
4
What is the hundreds digit of 227345?
3
What is the ten thousands digit of 119391?
1
What is the thousands digit of 2503368?
3
What is the hundreds digit of 302433?
4
What is the tens digit of 3399843?
4
What is the hundreds digit of 4875278?
2
What is the hundred thousands digit of 521668?
5
What is the ten thousands digit of 1692229?
9
What is the thousands digit of 1050014?
0
What is the ten thousands digit of 490614?
9
What is the units digit of 878570?
0
What is the millions digit of 2603254?
2
What is the ten thousands digit of 17557521?
5
What is the ten thousands digit of 6742869?
4
What is the ten thousands digit of 380087?
8
What is the millions digit of 1779578?
1
What is the tens digit of 575018?
1
What is the hundred thousands digit of 593765?
5
What is the tens digit of 200258?
5
What is the tens digit of 328777?
7
What is the ten thousands digit of 485046?
8
What is the hundred thousands digit of 11418487?
4
What is the tens digit of 884651?
5
What is the millions digit of 2320029?
2
What is the units digit of 208904?
4
What is the hundred thousands digit of 867291?
8
What is the millions digit of 2565000?
2
What is the thousands digit of 2590966?
0
What is the hundreds digit of 796046?
0
What is the ten thousands digit of 137077?
3
What is the units digit of 66060?
0
What is the hundreds digit of 34723772?
7
What is the hundreds digit of 141784?
7
What is the tens digit of 362846?
4
What is the thousands digit of 1109072?
9
What is the tens digit of 17351807?
0
What is the hundred thousands digit of 136835?
1
What is the units digit of 441250?
0
What is the units digit of 1074777?
7
What is the thousands digit of 2473540?
3
What is the tens digit of 716365?
6
What is the hundred thousands digit of 281338?
2
What is the hundreds digit of 8631277?
2
What is the hundred thousands digit of 150855?
1
What is the units digit of 93500?
0
What is the hundreds digit of 2104674?
6
What is the tens digit of 3011476?
7
What is the tens digit of 7843943?
4
What is the ten thousands digit of 254743?
5
What is the millions digit of 1993830?
1
What is the thousands digit of 5689683?
9
What is the tens digit of 1700984?
8
What is the ten thousands digit of 7497713?
9
What is the hundreds digit of 24697?
6
What is the hundred thousands digit of 1531462?
5
What is the hundreds digit of 450996?
9
What is the hundreds digit of 2292561?
5
What is the thousands digit of 1900432?
0
What is the hundred thousands digit of 118568?
1
What is the tens digit of 318794?
9
What is the tens digit of 1033243?
4
What is the units digit of 3726839?
9
What is the millions digit of 3302883?
3
What is the units digit of 16343567?
7
What is the thousands digit of 163129?
3
What is the hundred thousands digit of 575512?
5
What is the tens digit of 1124132?
3
What is the hundreds digit of 306613?
6
What is the tens digit of 732540?
4
What is the thousands digit of 4666921?
6
What is the units digit of 3156002?
2
What is the thousands digit of 10724738?
4
What is the units digit of 278707?
7
What is the hundred thousands digit of 105982?
1
What is the ten thousands digit of 3994388?
9
What is the thousands digit of 11473775?
3
What is the tens digit of 208807?
0
What is the tens digit of 137860?
6
What is the hundred thousands digit of 545267?
5
What is the tens digit of 3922191?
9
What is the units digit of 854506?
6
What is the ten thousands digit of 2365940?
6
What is the ten thousands digit of 471077?
7
What is the hundred thousands digit of 5502325?
5
What is the tens digit of 391114?
1
What is the thousands digit of 416663?
6
What is the hundred thousands digit of 602611?
6
What is the tens digit of 1183783?
8
What is the hundred thousands digit of 503286?
5
What is the millions digit of 2489002?
2
What is the hundreds digit of 172578?
5
What is the ten thousands digit of 3915744?
1
What is the ten thousands digit of 312298?
1
What is the ten thousands digit of 273771?
7
What is the units digit of 114571?
1
What is the thousands digit of 651746?
1
What is the tens digit of 3230421?
2
What is the hundred thousands digit of 171499?
1
What is the thousands digit of 790000?
0
What is the thousands digit of 17595738?
5
What is the hundreds digit of 811795?
7
What is the hundreds digit of 7873888?
8
What is the thousands digit of 10391401?
1
What is the ten thousands digit of 253503?
5
What is the units digit of 210702?
2
What is the tens digit of 2544212?
1
What is the thousands digit of 1063058?
3
What is the tens digit of 38585?
8
What is the thousands digit of 237638?
7
What is the units digit of 7325581?
1
What is the hundreds digit of 16805968?
9
What is the ten thousands digit of 2004465?
0
What is the thousands digit of 20059?
0
What is the thousands digit of 33701675?
1
What is the ten thousands digit of 78262?
7
What is the hundred thousands digit of 2056025?
0
What is the millions digit of 4230474?
4
What is the units digit of 1315205?
5
What is the hundred thousands digit of 7153522?
1
What is the ten thousands digit of 303472?
0
What is the tens digit of 60313?
1
What is the hundreds digit of 98785?
7
What is the units digit of 88600?
0
What is the units digit of 383585?
5
What is the ten thousands digit of 153299?
5
What is the thousands digit of 941708?
1
What is the ten thousands digit of 4564227?
6
What is the units digit of 6184565?
5
What is the tens digit of 2152759?
5
What is the millions digit of 1594031?
1
What is the ten thousands digit of 19577830?
7
What is the millions digit of 24978831?
4
What is the tens digit of 14905220?
2
What is 